 10, what is -19 - -33?
14
In base 13, what is -49 - 0?
-49
In base 8, what is -16 + 352?
334
In base 12, what is -6 - -317?
311
In base 3, what is 100 - 2011?
-1211
In base 14, what is 6 - 3?
3
In base 9, what is 6 + 1025?
1032
In base 9, what is -1086 + 3?
-1083
In base 7, what is -133 + 16?
-114
In base 16, what is 2 - 120?
-11e
In base 16, what is -2 - -27?
25
In base 5, what is 42 - 10?
32
In base 11, what is -753 + 0?
-753
In base 4, what is 10222 - 11?
10211
In base 9, what is -2 - -2368?
2366
In base 13, what is -148 + -18?
-163
In base 11, what is -2 - 119?
-120
In base 16, what is 2 + 75?
77
In base 7, what is -2 - -4331?
4326
In base 14, what is -4 + 266?
262
In base 13, what is 0 + -7?
-7
In base 11, what is -a6 + 2?
-a4
In base 3, what is -1 + -2002?
-2010
In base 4, what is 2102 + 2232?
11000
In base 12, what is -7571 - 4?
-7575
In base 4, what is 302223 + 0?
302223
In base 15, what is 5 - -e?
14
In base 16, what is -5 + d7?
d2
In base 5, what is -202 + 12?
-140
In base 13, what is a - 0?
a
In base 8, what is -30 + 125?
75
In base 9, what is -30 + -2?
-32
In base 4, what is -1 - -1033013?
1033012
In base 10, what is -3 - -8071?
8068
In base 15, what is 1e8 + 5?
1ed
In base 14, what is -d7 - 1?
-d8
In base 14, what is 8 + -107?
-dd
In base 15, what is -9c + 24?
-78
In base 10, what is -5 - -71?
66
In base 15, what is 15 + -4?
11
In base 12, what is 0 - 96?
-96
In base 16, what is c3 - -1?
c4
In base 2, what is -100 - 1000010110?
-1000011010
In base 16, what is 0 + 15?
15
In base 16, what is 29 - 1a8?
-17f
In base 14, what is -24 + -9c?
-c2
In base 4, what is 110100 - 11?
110023
In base 5, what is 1 + -140?
-134
In base 12, what is 5 + 89?
92
In base 7, what is -1 - -22050?
22046
In base 2, what is -101010100 - -100011?
-100110001
In base 9, what is -312 + -2?
-314
In base 6, what is -1122 + -5?
-1131
In base 6, what is 10323 - 0?
10323
In base 2, what is -100 - -110100?
110000
In base 14, what is 2d9 - -3?
2dc
In base 8, what is -4 + 107?
103
In base 11, what is -2 + 536?
534
In base 2, what is -100000 + 10100?
-1100
In base 7, what is 1022 + -2?
1020
In base 14, what is -17b + -5?
-182
In base 14, what is 65 - b?
58
In base 6, what is -10 + 221?
211
In base 15, what is 42a + 0?
42a
In base 9, what is -701 + 1?
-700
In base 2, what is 1 - -111101101101?
111101101110
In base 5, what is -313322 - -3?
-313314
In base 16, what is 5 - -3da?
3df
In base 9, what is 2 + 1317?
1320
In base 16, what is -bf - -1?
-be
In base 5, what is -2 - 321?
-323
In base 13, what is -8a + 0?
-8a
In base 13, what is -73 + -a2?
-145
In base 2, what is -1000001011 - -11?
-1000001000
In base 5, what is 4 - -123?
132
In base 7, what is 10 + 160?
200
In base 7, what is 535 + -2?
533
In base 8, what is 40744 + -3?
40741
In base 10, what is 1 + 24?
25
In base 2, what is 11010101 + 10?
11010111
In base 7, what is -20 + -20?
-40
In base 4, what is 21101 - 11?
21030
In base 12, what is 36 - -257?
291
In base 2, what is -1000000001 + -1010?
-1000001011
In base 13, what is 1 - 45?
-44
In base 3, what is -2 + 120?
111
In base 2, what is -10010100 - 101?
-10011001
In base 2, what is -1 - -111110?
111101
In base 12, what is -269 + 4?
-265
In base 10, what is 16 - 499?
-483
In base 6, what is -112 - 5?
-121
In base 15, what is -2d58 + -1?
-2d59
In base 7, what is -4 - -34?
30
In base 8, what is 2 - 2057?
-2055
In base 10, what is -3 - -12?
9
In base 5, what is -30 + -4023?
-4103
In base 3, what is 11011 - 2210?
1101
In base 13, what is 33 - -1?
34
In base 3, what is -1201 + -1010122?
-1012100
In base 4, what is 1031111 + 10?
1031121
In base 5, what is -241423 + -4?
-241432
In base 2, what is 10011110 + -101?
10011001
In base 13, what is 4 + a8c?
a93
In base 14, what is -5 - 3c?
-43
In base 13, what is -2 + a?
8
In base 11, what is -2 + -198?
-19a
In base 11, what is -8a61 + -2?
-8a63
In base 15, what is 32 - 3a?
-8
In base 13, what is 4 - 1052?
-104b
In base 14, what is c - 3?
9
In base 6, what is 243 + 4?
251
In base 4, what is 11303 - -103?
12012
In base 7, what is -5 - -3136?
3131
In base 11, what is -16489 - -1?
-16488
In base 5, what is -44 + 4?
-40
In base 15, what is 3 + 7db?
7de
In base 6, what is -103 + -1221?
-1324
In base 11, what is -26 + 2?
-24
In base 2, what is -1001 + -110000?
-111001
In base 7, what is -12334 + -1?
-12335
In base 15, what is 4 - 3?
1
In base 7, what is 112 - 5?
104
In base 3, what is 0 + -202?
-202
In base 14, what is -2 + b24?
b22
In base 16, what is 1f - 4?
1b
In base 6, what is 0 + 44352?
44352
In base 2, what is -110110 + -11100?
-1010010
In base 2, what is 110 + 111110?
1000100
In base 9, what is -11 - 220?
-231
In base 11, what is 15 + 58?
72
In base 16, what is -166b + 2?
-1669
In base 7, what is 52 + -2?
50
In base 16, what is -7 - -9f?
98
In base 7, what is -5 + -3032?
-3040
In base 2, what is 10 - -110100?
110110
In base 8, what is -2061 - -1?
-2060
In base 10, what is 9 + -288?
-279
In base 3, what is 1010012 - 11?
1010001
In base 10, what is 5860 + -4?
5856
In base 13, what is -386 - -3?
-383
In base 6, what is 55 - 0?
55
In base 16, what is -375 - 10?
-385
In base 11, what is 3 - 2927?
-2924
In base 2, what is 1110 - 11010?
-1100
In base 6, what is -204 - -512?
304
In base 16, what is 179f + 5?
17a4
In base 8, what is -4 + -2210?
-2214
In base 11, what is -2 - -6627?
6625
In base 11, what is 0 + -6a1?
-6a1
In base 9, what is 3777 + 0?
3777
In base 3, what is -11 + 2201?
2120
In base 9, what is 4 + -271?
-266
In base 7, what is -4 - 601?
-605
In base 10, what is -3 + 25?
22
In base 10, what is -134 + -3?
-137
In base 7, what is 1 - -26?
30
In base 12, what is -49 - 5?
-52
In base 12, what is -16 - -3b?
25
In base 6, what is -20 + 105?
45
In base 14, what is -13b - 3?
-140
In base 2, what is -1011001011000010 + 0?
-1011001011000010
In base 4, what is 12 - -22003?
22021
In base 5, what is 20 - -103?
123
In base 8, what is 20457 + -4?
20453
In base 13, what is 71 - -1c?
90
In base 14, what is 16dd + 3?
1702
In base 7, what is 3065 + 2?
3100
In base 2, what is 101 + 100?
1001
In base 15, what is -4 - -2b?
27
In base 7, what is -44 - 12?
-56
In base 6, what is 13 + -14?
-1
In base 6, what is -2 - 324?
-330
In base 13, what is 5 + -2715?
-2710
In base 12, what is 4 + b?
13
In base 8, what is 12 - 3?
7
In base 4, what is -1002 + -2122?
-3130
In base 15, what is 3 - e?
-b
In base 4, what is 130102 + 2?
130110
In base 2, what is 101010 - 101000100?
-100011010
In base 3, what is 101 + 122?
1000
In base 8, what is -3 + -16050?
-16053
In base 11, what is 58 - -29?
86
In base 6, what is 145 - 353?
-204
In base 5, what is -201 - -22?
-124
In base 14, what is -156 + -1?
-157
In base 7, what is -4 + -125?
-132
In base 15, what is 18c - -3?
190
In base 2, what is 1 - 11111110?
-11111101
In base 7, what is 500 + 3?
503
In base 10, what is 2 + -37?
-35
In base 7, what is -130 + -222?
-352
In base 2, what is 0 - 10010?
-10010
In base 8, what is -224 - 26?
-252
In base 12, what is -251 + 26?
-227
In base 15, what is 1e41 - -4?
1e45
In base 12, what is 2 + -1261?
-125b
In base 11, what is 12 - 82?
-70
In base 10, what is 3 - -1?
4
In base 9, what is 162 + -5?
156
In base 10, what is 11786 - -1?
11787
In base 7, what is -1106 + 3?
-1103
In base 5, what is 4411 - 101?
4310
In base 10, what is -1969 - 2?
-1971
In base 11, what is 3 + -18?
-15
In base 4, what is 10130100 + 3?
10130103
In base 5, what is 1131 - -122?
1303
In base 10, what is -239 - 0?
-239
In base 16, what is 0 + -76?
-76
In base 5, what is 1210412 - -4?
1210421
In base 4, what is -13 - 20?
-33
In base 14, what is -21 - -79?
58
In base 8, what is 20 - -1160?
1200
In base 4, what is 11 + -121202?
-121131
In base 14, what is -27 - -17?
-10
In base 6, what is 4 + -420?
-412
In base 2, what is -11 + 1?
-10
In base 9, what is -2 + -8?
-11
In base 4, what is -33 + 211?
112
In base 11, what is 396 - -4?
39a
In base 9, what is -2 + -58?
-61
In base 8, what is 4 - 4347?
-4343
In base 7, what is 122 + -4?
115
In base 3, what is 11201 + 10?
11211
In base 13, what is -4 + -134?
-138
In base 9, what is 21 + -22?
-1
In base 9, what is -3 + 55?
52
In base 4, what is -30 - 201?
-231
In base 2, what is -11 - 10000001100?
-10000001111
In base 11, what is -a107 + -3?
-a10a
In base 14, what is -1146 